).
-14
Let o(u) = -9*u**2 - 2*u - 1. Let q(m) = -10*m**2 + 14*m + 48. Let z(y) = o(y) - q(y). Give z(19).
8
Let h(n) be the second derivative of -4*n + 9/2*n**2 + 2/3*n**3 + 0. Let v(p) = p + 1. Let j be v(-7). What is h(j)?
-15
Let b be (75/30)/((-23)/46). Let r(s) = 87*s + 439. What is r(b)?
4
Suppose -22 = 24*f - 23 - 95. Let o(l) be the first derivative of 1/2*l**f + 0*l + 1/2*l**2 + 0*l**3 + 15. What is o(1)?
3
Let p = 5425 + -5425. Let q(y) be the third derivative of 1/6*y**3 + 0*y + 5*y**2 + p + 1/8*y**4. Calculate q(4).
13
Suppose -3*p = 4*r - 92, -2*r + 5*p + 76 = 30. Let n(w) = w**2 - 29*w + 123. Determine n(r).
-15
Let x(r) = -r**3 + 4*r**2 + 8*r + 16. Suppose 0 = 3*j - 151*w + 147*w - 18, -3*j + 2*w + 18 = 0. Calculate x(j).
-8
Suppose -h - 5*q = 14, -3*h = -7*h + q + 28. Let g(b) = -b**2 - 22*b - 117. Let m be g(-12). Let w(u) = -m*u - h*u + 2*u. Determine w(1).
-7
Let i(k) = -2 + 37 - 14 + 7*k - 6. Calculate i(-5).
-20
Let q(n) = 9*n + 3. Let t(j) = -j**2 - 7*j - 8. Let a be (-6)/((-2)/(-2)) - (-17)/17. Let p be t(a). Suppose 5*b = p*k + 4, k - 3*b + 2 = 2*b. Give q(k).
-15
Let p be (-36)/(-30) - (-1309)/55. Let r(t) = 21 + 2*t + 0*t + p - 17. Give r(-13).
3
Let p(a) be the third derivative of 0*a + 1/60*a**5 + 5/8*a**4 + 0 + 8/3*a**3 - 171*a**2. Determine p(-12).
-20
Let y(d) = -44 + 7 - d + 12 + 13 + 17. Suppose 5*p = 2*p + 6. Calculate y(p).
3
Let u(d) = d**3 + 10*d**2 - 28*d - 45. Let v be u(-12). Let g(w) = -v*w + 16*w + 7 - 14*w + 7 - 2. Determine g(17).
-5
Suppose -6*f - 8*f + 75810 = 0. Let j(t) = -5421*t - 3 + 0 + f*t. Calculate j(-1).
3
Let t(w) be the third derivative of -1/24*w**4 - w**2 - 53*w + 4/3*w**3 + 0. Give t(7).
1
Let i be (28/8)/(-1)*-2. Suppose -t = -i*t + 12. Let v(q) = -4 + 3*q**t - 3095*q**3 + 3097*q**3 - q - q. What is v(-3)?
-25
Let l(x) = 649*x + 5. Let k(s) = -803*s - 5. Let q(z) = 4*k(z) + 5*l(z). What is q(-2)?
-61
Let f = -45514 + 45513. Let a(b) be the third derivative of -2*b**5/15 - b**4/12 - b**3/3 - b**2. Determine a(f).
-8
Let k(x) = x**3 + 13*x**2 + 43*x + 2. Suppose 223*h + 455 = 158*h. Determine k(h).
-5
Let t = 9 - 6. Let r be 18/4*8/t. Let x(w) = w**3 - 13*w**2 + 13*w - 16. What is x(r)?
-4
Let c(m) be the third derivative of 47*m**4/24 + 77*m**3/2 + 5989*m**2. Give c(-5).
-4
Let j(p) = 448 - p**2 - 1157 + 744. Give j(-5).
10
Let t(a) = -4*a**2 + 5*a - 7. Let p(z) = -2*z**3 + 183*z**2 + 91*z + 95. Let w be p(92). Give t(w).
-28
Let y(p) be the second derivative of 43*p**3/3 + 345*p**2/2 - 274*p + 3. Determine y(-4).
1
Let r(h) = -6 + h - 7 + 8. Suppose f - 60 = 4*i, 5*f - i - 197 = 8. Suppose 0 = -4*o - 0*o + f. Determine r(o).
5
Let d(m) = -m**3 - 4*m**2 + 5*m + 5. Suppose -14 + 2 = 4*s. Let i be s/6 + 63/6. Suppose 4*n = -i - 10. Calculate d(n).
5
Let b(u) = 3*u + 5*u - 4*u - 9 - 2*u - u. Let p be 2*(21/2)/3 - -3. What is b(p)?
1
Let t(k) = 35*k**2 - 103*k - 223. Let v(b) = -6*b**2 + 17*b + 38. Let h(f) = -4*t(f) - 23*v(f). What is h(11)?
7
Let q(u) = -13*u + 3. Let g(c) = -36*c - 8. Let j(l) = g(l) - 3*q(l). Calculate j(8).
7
Let z(b) = -4*b - 1. Let l(x) = 21*x + 5. Let u(d) = 2*l(d) + 11*z(d). Let f(g) be the first derivative of 7*g**2/2 - 64*g + 9. Let q be f(8). Calculate u(q).
15
Let x(y) be the second derivative of -y**4/6 + 3*y**3/2 + 10*y**2 + 167*y - 9. What is x(6)?
2
Let a = 66 + -62. Let m = a + -1. Suppose 0*v - o = -2*v - m, -5*o - 29 = v. Let f(t) = 3*t + 6. What is f(v)?
-6
Let t(a) be the first derivative of 137 + 37/2*a**2 + 0*a. Calculate t(1).
37
Let o(w) = 4*w - w**2 - 3*w + 4 + w + 2*w. Let q be (18/4)/((-2)/(-4)). Suppose 5*d = -m + 28 - q, 4*m - 4*d - 4 = 0. What is o(m)?
4
Let z(h) be the second derivative of -1/20*h**5 - 9*h + 0*h**3 + 0 - 21/2*h**2 - 1/12*h**4. Calculate z(0).
-21
Let l(j) = -j**2 - j + 12. Let m(y) = y**3 + 10*y**2 + 6*y - 19. Let i be (4/(-10) - 19/(-10))*-6. Let o be m(i). Let d be 4/6 - o/12. What is l(d)?
12
Let t(n) = 3*n**2 + 5*n - 53. Let d be t(-11). Let o = d + -256. Let k(s) = -s**3 - 2*s**3 - 13*s**3 + 4*s**3. What is k(o)?
12
Let b(i) = -7*i**2 + 91*i - 4. Let u(g) = g**3 - 52*g**2 + 2*g - 91. Let q be u(52). Determine b(q).
-4
Let v be -14 - (15 + -11 + 0). Let i(u) = -u**3 - 19*u**2 - 17*u + 10. Give i(v).
-8
Let a(o) be the second derivative of o**6/180 - o**4/12 + 9*o**3/2 + 44*o. Let v(t) be the second derivative of a(t). What is v(2)?
6
Let y(p) = 8*p + 61. Let j be y(-8). Let o(a) = -11*a**3 - 10*a**2 + 5*a + 12. Let g(d) = 5*d**3 + 5*d**2 - 2*d - 6. Let r(b) = 9*g(b) + 4*o(b). Give r(j).
6
Let t(p) = -16*p + 10. Let r(o) = -18*o + 12. Let l(q) = -4*r(q) + 5*t(q). Let a(g) = g + 4. Let w be a(-2). Determine l(w).
-14
Let b(r) = -5*r**2 - 10*r - 6. Let x(o) = -o**2 - 2*o - 1. Let u(q) = b(q) - 6*x(q). Let j be u(-3). Let y(l) = -13*l + 3. Give y(j).
-36
Let z(t) = -t + 5. Let y = 5 + -2. Let n be z(y). Let m(f) be the first derivative of -4*f**2 + 3*f - 253. Give m(n).
-13
Let i(d) = d**2 + 5*d + 34. Let t be i(16). Let v = t - 373. Let n(f) be the second derivative of f**4/12 + f**3/6 - 2*f**2 - 2*f. Calculate n(v).
2
Let i(n) = 4*n + 2. Let u be i(3). Let m(b) = -4545*b + 124. Let z(h) = 802*h - 21. Let s(v) = -6*m(v) - 34*z(v). Determine s(u).
-2
Let y(g) = -g**3 + 12*g**2 - 10*g - 18. Let a be (-42)/98*(3 - 10). Let w(v) = -2*v**3 + 23*v**2 - 19*v - 38. Let o(p) = a*w(p) - 7*y(p). What is o(14)?
-2
Let d(v) = -v**3 - 12*v**2 - v - 11. Suppose -24 = 7*t - t. Let i be -10 + (-20)/t*(-12)/30. Calculate d(i).
1
Let w(k) = -48*k - 9*k**2 + k**2 + 11*k**2 - 23*k + 31. Give w(23).
-15
Let j(d) = -5*d + 1. Let v(f) be the third derivative of -f**5/30 + 7*f**4/3 - f**3/6 - 48*f**2. Let u be v(28). Calculate j(u).
6
Let q(l) = -l**3 + 12*l**2 - l + 20. Let g be q(12). Let v(y) = 21*y**2 - 7*y + 7. Let j(s) = -13*s**2 + 5*s - 4. Let t(d) = g*j(d) + 5*v(d). Determine t(-7).
17
Let q = -5 + 16. Suppose -q*c + 66 = -0*c. Let l(z) = -4*z**2 - 18*z - 19. Let b(t) = t**2 + 6*t + 6. Let w(f) = -7*b(f) - 2*l(f). Determine w(c).
-4
Let y(h) = h**2 + 7*h + 4. Let d = 77 + -35. Let n be 1/(3 - 132/d). Calculate y(n).
4
Let h(n) be the second derivative of n**4/12 - n**3/3 - 61*n**2/2 - 14*n - 8. Give h(9).
2
Let n(h) = -h**3 + 86*h**2 - 5*h + 451. Let u be n(86). Let y(i) = 4*i - 69. Calculate y(u).
15
Let z(a) be the second derivative of a**3/6 + 3*a**2 - 1390*a. Determine z(-7).
-1
Let x(k) = 3*k + 13. Let t be x(-4). Suppose t = 3*v + 22. Let s(n) = n**2 + 12*n + 2. Let y(p) = -p**2 - 13*p - 3. Let j(d) = -5*s(d) - 4*y(d). What is j(v)?
9
Suppose -39*g - 1632 = -1203. Let a(c) = -c**3 - 12*c**2 - 6*c + 56. Determine a(g).
1
Let h(d) = d**3 + 4*d**2 + d - 3. Let f be (-2)/(-6) - 3/9 - 406/203. Calculate h(f).
3
Let k(q) = -3*q + 3. Let y = -435 - -426. Let o be (-2 - -1)/(1/y). Give k(o).
-24
Suppose 4*u - 9*u + 3*v = -15, 2*v = u - 3. Suppose -2*f + 7 = -5*s, 0*f + s - u = -4*f. Let p(c) = 1 + c - 14*c**2 - 1. What is p(f)?
-13
Suppose -21*k - 562 = -226. Let t(z) = z**3 + 17*z**2 + 16*z - 1. Determine t(k).
-1
Let t(i) = -2 + 1 + i + 4*i. Let w be t(1). Let v(j) = 4*j - 31 - 27 + 56 + 0*j - j**2. Calculate v(w).
-2
Let m = 16256 + -16262. Let o(i) = i**2 + 12*i + 2. Determine o(m).
-34
Let o be (-448)/(-63) - 1/9. Let p(x) = -o + 6*x + 25 - 16 + x**2 - x**2 - x**2. Suppose 0 = -l + 4, 4*i - 3*l - 16 - 4 = 0. Give p(i).
-14
Let s(a) = -a. Let t(m) = -7*m - 9. Let z be 4/(3*6/27). Let q be -1*(1 - 2 - -2). Let d(b) = q*t(b) + z*s(b). Determine d(-6).
3
Let h be 14/24 - (4 + -4 - (-14)/168). Let b(m) be the second derivative of 1/6*m**3 + 0 - 2*m - h*m**2. Give b(-3).
-4
Suppose -53*i + 48*i = -3*o + 1, -o = 3*i - 5. Let z(b) be the third derivative of 0*b + 1/6*b**4 + 0 - 1/2*b**3 + 10*b**o. What is z(2)?
5
Let t(f) = -376*f - 2253. Let z be t(-6). Let m(s) be the second derivative of -1/3*s**z - 3/2*s**2 + 7*s + 0. Give m(4).
-11
Suppose 92*t - 10 = 94*t. Let g(z) = z**3 + 7*z**2 + 8*z - 8. Let y be g(t). Let r(a) = -a**y + 9*a**2 - 6 + 8*a - 3*a**2 - 6*a**2. Determine r(7).
1
Let w(b) be the third derivative of b**6/144 - b**5/24 + b**4/24 - 21*b**3/2 + 69*b**2. Let y(j) be the second derivative of w(j). Calculate y(2).
5
Let f(i) = -8*i - 1. Let c(n) = -27*n - 62. Let y(z) = c(z) - 4*f(z). Determine y(11).
-3
Let s(q) = -22 + q**